Suppose 5*u - 5*n = 70, -3*u + 8 = -2*n - z. Calculate the remainder when u is divided by 3.
2
Let b = -4 - -1. Let q be 12 - b/(-3)*-2. Calculate the remainder when (-2)/(-4) + q/4 is divided by 3.
1
Suppose 2*a - 54 = -0*a + 4*s, 2*s = 3*a - 61. What is the remainder when a is divided by 10?
7
Suppose 5*z - 34 = 5*q - 9, -z + 2*q = -7. Let s(w) = w + 1. What is the remainder when s(3) is divided by z?
1
Suppose 5*l = -2*w + 26, 0 = 2*w + 3*l - l - 32. Let n(t) = t**2 + 2*t - 2. What is the remainder when n(-7) is divided by w?
15
What is the remainder when 119 is divided by 2 + 6/(-3) - -1 - -23?
23
Suppose -4*n + 3*o + 224 + 136 = 0, o + 265 = 3*n. Let z(p) = -p**3 + 3*p**2 + 9*p - 5. What is the remainder when n is divided by z(3)?
21
Let z(t) = t**2 + 5*t + 5. What is the remainder when 12 is divided by z(-5)?
2
Let y be ((-3)/(-12))/((-2)/(-8)). Suppose y = -2*n + 3*u, -n + 0*n + u = 0. Let w = n + 4. What is the remainder when 14 is divided by w?
4
Suppose 2*n + 3 = 7. Suppose -n*j = -j - 19. Calculate the remainder when 37 is divided by j.
18
Suppose 4*o - 56 = -0*o. Let l(t) = -5 + 14*t - o*t + 55 + t**2. Calculate the remainder when l(0) is divided by 13.
11
Let f = 10 + -6. Suppose f = 2*l - 0*l, -2*l - 37 = -o. What is the remainder when o is divided by ((-6)/15)/((-2)/70)?
13
Suppose 0 = z - 5*c + 13, 5*c = -4*z + 6*z + 11. Suppose 0*n - 40 = -z*n. What is the remainder when 59 is divided by n?
19
Suppose 4*b = z + 773, 5*b = 3*z - 7*z + 961. What is the remainder when b is divided by 28?
25
Let o(r) = 4*r**2 + 6*r + 2. Calculate the remainder when o(-4) is divided by 1 + (11 - 12/(-4)).
12
Let j be 4/(-22) + (-462)/121. What is the remainder when (-118)/j*(4 - 2) is divided by 20?
19
Suppose -b - t = -6*b + 111, 66 = 2*b + 5*t. Calculate the remainder when 45 is divided by b.
22
Suppose b + 0*b = 3. Suppose -5*t - n = -98, -b*t - 3*n = -5*n - 64. What is the remainder when 1/((2/t)/1) is divided by 4?
2
Suppose -102 + 30 = -4*p. What is the remainder when p is divided by 12?
6
Let p(j) = -26*j - 1. Let y be (2 - (1 + 2))/1. Let r be p(y). Suppose k - r = -0*t - 4*t, 59 = 5*k - 2*t. Calculate the remainder when 37 is divided by k.
11
Calculate the remainder when (-28)/(-3)*3/2 is divided by 3/(-7) + 1/14*118.
6
What is the remainder when (6/(-12))/(1/(-36)) is divided by (2 - (2 - 3)) + (-12)/(-3)?
4
Suppose 5 + 4 = w. Suppose -u + 5*u = 140. Calculate the remainder when u is divided by w.
8
Let s(w) = w + 18. Let l be s(-13). Suppose -5*j = l*q - 350, -165 = 4*q - 6*q + 3*j. Calculate the remainder when q is divided by 19.
18
Let p(w) = w**3 + 7*w**2 - 10*w - 7. Let l be p(-8). Let k(u) = 2*u - 13. Let a be k(l). Suppose 3*g + 8 = a*g. Calculate the remainder when g is divided by 3.
1
Suppose 3*i + i = 28. Suppose i = -t + 2*t. What is the remainder when 19 is divided by t?
5
Let h be 22/4 - (-2)/(-4). Suppose 3*m + 165 = 3*r, -h*r + 243 = 4*m - m. Calculate the remainder when (r/6)/(2/4) is divided by 6.
5
What is the remainder when 3/2 + 9/2 is divided by 3?
0
Let v(j) = 4*j + 4. Let n be v(-10). Let u = -25 - n. What is the remainder when 41 is divided by u?
8
Suppose -4*m = -0*m + 52. Let h(k) = k**3 + 12*k**2 - 14*k + 8. Calculate the remainder when h(m) is divided by 11.
10
Suppose -3*k + 51 = 15. What is the remainder when 46 is divided by k?
10
Suppose 2*j - 5*u + 45 = 18, -j - u - 3 = 0. What is the remainder when 107 is divided by (2 - -1)/(j/(-54))?
26
Let n = 31 + 11. Let p = -28 + n. Calculate the remainder when 39 is divided by p.
11
Let f(l) = 7*l**2 + l + 2. Suppose a - 4*a + 16 = 2*u, 0 = -2*u - 5*a + 8. Let y = u + -3. Calculate the remainder when f(2) is divided by y.
10
What is the remainder when 1*-48*(-3)/6 is divided by 13?
11
Let l be -54 + (-2)/(-2) + -3. Let a = 99 + l. What is the remainder when a is divided by 15?
13
Let d = -1212 - -2192. What is the remainder when 2/(-3) + d/30 is divided by 11?
10
Let x be ((-3)/(-3))/(2/10). Let d(i) = -i**3 + 5*i**2 + 2*i - 3. Let z = -6 - -26. What is the remainder when z is divided by d(x)?
6
Suppose 5*b = 10, 2*b = 2*h + 3*h - 6. Suppose 5*r - 10 = -4*o, -2*r - 3 = 2*r + o. Calculate the remainder when (r/(-4))/((-2)/(-20)) is divided by h.
1
Suppose 137 = 5*o - 3*c + c, -4*c - 100 = -4*o. Suppose 4*g - 39 = -7. What is the remainder when o is divided by g?
5
Let n(w) = -w**3 - 4*w**2 - 3*w + 1. Suppose -4*q + 18 - 2 = -4*s, -2*s - 17 = -5*q. What is the remainder when q is divided by n(-3)?
0
Let r = 1 + -9. Calculate the remainder when 30 is divided by 8/32 + (-62)/r.
6
Let s(h) = h - 6. Let a be s(5). Calculate the remainder when 48 - a*(-1 - 0) is divided by 12.
11
Suppose -2*j + 20 = 2*j. What is the remainder when j is divided by 2?
1
What is the remainder when 10 is divided by -9*(16/6)/(-4)?
4
Suppose -k + 2*d + 4 = 6*d, 0 = 5*d + 20. Calculate the remainder when 58 is divided by k.
18
Let g(w) = -w**3 - 10*w**2 - 12*w + 8. What is the remainder when g(-9) is divided by 12?
11
Let y(f) = -f**3 + 3*f**2 + 2*f - 3. Let n be y(3). Calculate the remainder when 20 is divided by 1*(0 - (n + -10)).
6
Let o = 41 + -28. Calculate the remainder when 50 is divided by o.
11
Let p(i) = i**2 + 7*i - 1. What is the remainder when 110 is divided by p(3)?
23
Suppose 4*y = 5*y - 4*i - 11, -33 = -3*y - 5*i. Calculate the remainder when 86 is divided by y.
9
Suppose 4*t - 144 = -0*t. Let z = t + -12. Suppose 47 = 5*d - 18. Calculate the remainder when z is divided by d.
11
Let w(x) be the third derivative of x**6/120 + 7*x**5/60 + x**4/8 - x**3/2 - 2*x**2. Let f = -6 + 1. Calculate the remainder when w(f) is divided by 11.
10
Let n(g) = g**2 - 9*g + 16. What is the remainder when 4 is divided by n(7)?
0
Let b = 1 - 1. Let t(z) = -z**2 - z - 6. Let q(m) = m**2 + m + 7. Let j(a) = -3*q(a) - 4*t(a). Calculate the remainder when 3 is divided by j(b).
0
Let f be (3 - 0)*12/9. Calculate the remainder when (f/6)/((-1)/(-36)) is divided by 15 - (-1 - (-2 + -1)).
11
Let l = -15 - -39. What is the remainder when l is divided by 9?
6
Let p = 101 + -33. Calculate the remainder when p is divided by 23.
22
Let k(j) = j**2 - 6*j + 1. Let i be k(3). Suppose 6*l = 4*l - s + 54, -52 = -2*l - 2*s. Calculate the remainder when l is divided by (-3)/2*(i - 2).
13
Suppose -5*s = -7*s + 32. What is the remainder when 77 is divided by s?
13
Suppose -10*r = -2*r - 328. What is the remainder when r is divided by 14?
13
Let s(a) = a**3 + 9*a**2 + 6*a - 9. What is the remainder when 26 is divided by s(-8)?
5
Let j be (-1)/(1*2/(-172)). Let h = -51 + j. Calculate the remainder when h is divided by 12.
11
Let x = 124 - 66. Let w = 6 + -3. Let k(a) = 8*a - 4. Calculate the remainder when x is divided by k(w).
18
Suppose -5*i + 22 = 2*g, -i = -g + 3*g - 6. Let t(n) = 3*n**2 - 3*n**2 + 20 + 3*n**2 - i*n**2. Calculate the remainder when t(0) is divided by 7.
6
Calculate the remainder when (-1228)/(-34) + (-12)/102 is divided by 13.
10
Let j be -3 - -3 - (-4)/(-1). Let a(m) = 2*m**2 + 4*m - 5. Calculate the remainder when 21/(-1 - -2) - 1 is divided by a(j).
9
What is the remainder when 36 is divided by 60/(-16)*96/(-18)?
16
Calculate the remainder when 101 is divided by 2*2/(-12)*(10 - 112).
33
Calculate the remainder when (-2)/7 - (-1204)/98 is divided by 3.
0
Suppose 8 = -2*l - 2*l. Calculate the remainder when 27 is divided by l/3 + 32/3.
7
Suppose 2*b = 87 + 13. Let l(y) = -16*y**3 + 2*y**2 - 3*y - 4. What is the remainder when b is divided by l(-1)?
16
Let u(r) = r**2 + 15. Calculate the remainder when u(-9) is divided by 25.
21
Let j be (-27)/(-3)*1/(-1). Calculate the remainder when 7 is divided by (-38)/j + 14/(-63).
3
Let p(f) = 26*f - 2. Let v be p(2). Suppose 3*i - 46 = v. Calculate the remainder when i is divided by 17.
15
Let s = 5 + 5. Let w = 58 - 40. Calculate the remainder when w is divided by s.
8
Let c = 30 + -12. Calculate the remainder when 89 is divided by c.
17
Calculate the remainder when 34 is divided by ((-112)/(-42))/((-2)/(-9)).
10
Let a(i) = i + 8. Calculate the remainder when (42/(-24))/(1/(-8)) is divided by a(0).
6
Suppose 2*q = -11 + 37. What is the remainder when q is divided by 3?
1
Let v(d) = -d**3 - 7*d**2 - 8*d - 8. Let o be v(-6). Calculate the remainder when (-6 